
3 (base 10) to base 13
3
What is -5 (base 13) in base 14?
-5
Convert 0 (base 3) to base 13.
0
21 (base 4) to base 10
9
1 (base 15) to base 9
1
Convert -316 (base 8) to base 10.
-206
What is 3 (base 12) in base 9?
3
What is -50 (base 8) in base 15?
-2a
Convert -110100 (base 2) to base 8.
-64
104 (base 14) to base 7
404
What is 12 (base 14) in base 10?
16
-24 (base 5) to base 4
-32
Convert -8 (base 14) to base 10.
-8
Convert 330 (base 8) to base 3.
22000
Convert -43 (base 14) to base 4.
-323
What is -10 (base 9) in base 8?
-11
What is 4 (base 15) in base 5?
4
0 (base 11) to base 14
0
What is -127 (base 14) in base 13?
-14a
-13 (base 7) to base 3
-101
What is 7 (base 9) in base 10?
7
What is 53 (base 8) in base 3?
1121
Convert -64 (base 8) to base 10.
-52
Convert -10 (base 3) to base 9.
-3
-10 (base 5) to base 11
-5
Convert 6 (base 15) to base 13.
6
Convert -21 (base 9) to base 16.
-13
48 (base 12) to base 16
38
10 (base 2) to base 11
2
1 (base 12) to base 2
1
What is -3 (base 4) in base 12?
-3
-2 (base 10) to base 16
-2
-6 (base 11) to base 3
-20
Convert -243 (base 5) to base 3.
-2201
-13 (base 15) to base 4
-102
What is -5 (base 15) in base 12?
-5
What is -154 (base 11) in base 8?
-264
Convert 214 (base 6) to base 13.
64
Convert 9 (base 11) to base 12.
9
What is -100010 (base 2) in base 5?
-114
What is 120 (base 5) in base 3?
1022
What is 7 (base 15) in base 10?
7
-12 (base 3) to base 6
-5
Convert 17 (base 12) to base 9.
21
Convert 11b (base 12) to base 6.
435
Convert 24 (base 13) to base 15.
20
What is 4d (base 15) in base 7?
133
What is -102 (base 7) in base 9?
-56
What is -6 (base 16) in base 8?
-6
220 (base 3) to base 10
24
What is b (base 15) in base 4?
23
What is -210 (base 4) in base 9?
-40
What is 4 (base 10) in base 15?
4
Convert 201 (base 4) to base 11.
30
What is 5 (base 13) in base 16?
5
Convert -8e (base 15) to base 12.
-b2
202 (base 3) to base 10
20
225 (base 9) to base 5
1220
Convert -2 (base 10) to base 15.
-2
What is 13 (base 7) in base 9?
11
Convert -2 (base 4) to base 6.
-2
What is 27 (base 16) in base 13?
30
What is -22 (base 3) in base 6?
-12
-57 (base 14) to base 11
-70
Convert 3 (base 12) to base 16.
3
Convert 8 (base 11) to base 15.
8
-49 (base 10) to base 16
-31
-66 (base 9) to base 5
-220
Convert 42 (base 10) to base 3.
1120
Convert 4 (base 14) to base 4.
10
What is -b (base 15) in base 6?
-15
What is 1 (base 16) in base 7?
1
-b (base 15) to base 7
-14
-4 (base 5) to base 8
-4
Convert 2a (base 15) to base 7.
55
What is -55 (base 13) in base 2?
-1000110
What is -21 (base 6) in base 5?
-23
2 (base 10) to base 11
2
What is -1031 (base 6) in base 2?
-11101011
What is 3 (base 13) in base 6?
3
9 (base 10) to base 11
9
Convert -2 (base 6) to base 15.
-2
Convert 9 (base 14) to base 16.
9
Convert 16 (base 8) to base 4.
32
5 (base 15) to base 10
5
Convert 6b (base 13) to base 14.
65
What is -20 (base 9) in base 16?
-12
What is 4 (base 11) in base 8?
4
-3003 (base 4) to base 14
-dd
-25 (base 9) to base 7
-32
10 (base 14) to base 9
15
Convert 1 (base 8) to base 14.
1
-3 (base 16) to base 9
-3
Convert 2 (base 11) to base 8.
2
What is -142 (base 5) in base 7?
-65
Convert 1100 (base 4) to base 8.
120
Convert 60 (base 16) to base 15.
66
What is -100 (base 2) in base 4?
-10
-101000 (base 2) to base 5
-130
What is 8 (base 16) in base 5?
13
What is 13 (base 5) in base 12?
8
Convert 10100 (base 2) to base 8.
24
-1122 (base 5) to base 11
-138
Convert 51 (base 10) to base 3.
1220
-2a (base 13) to base 5
-121
What is 51 (base 6) in base 3?
1011
What is -235 (base 6) in base 15?
-65
4a (base 15) to base 2
1000110
What is 200 (base 4) in base 9?
35
Convert 11 (base 8) to base 10.
9
7 (base 13) to base 7
10
Convert -3 (base 12) to base 2.
-11
What is 0 (base 10) in base 5?
0
Convert -2 (base 9) to base 16.
-2
What is -1 (base 4) in base 5?
-1
What is -110 (base 4) in base 9?
-22
What is -11 (base 2) in base 10?
-3
0 (base 16) to base 14
0
What is -1100 (base 2) in base 12?
-10
What is -5 (base 9) in base 6?
-5
What is 36 (base 12) in base 11?
39
What is 11 (base 2) in base 5?
3
Convert 27 (base 8) to base 10.
23
Convert -39 (base 11) to base 2.
-101010
Convert 15 (base 6) to base 5.
21
Convert -5 (base 15) to base 7.
-5
Convert -31 (base 13) to base 5.
-130
20 (base 3) to base 6
10
-b (base 16) to base 2
-1011
-5 (base 6) to base 2
-101
What is -2 (base 8) in base 7?
-2
-6 (base 7) to base 10
-6
Convert -341 (base 5) to base 9.
-116
17 (base 11) to base 5
33
Convert -102 (base 3) to base 5.
-21
-20 (base 11) to base 9
-24
-313 (base 4) to base 6
-131
Convert -a3 (base 12) to base 11.
-102
What is -22 (base 10) in base 5?
-42
17 (base 14) to base 16
15
-5 (base 14) to base 6
-5
0 (base 9) to base 4
0
What is -b (base 15) in base 10?
-11
What is 3 (base 4) in base 6?
3
2 (base 16) to base 3
2
17 (base 10) to base 4
101
Convert -2 (base 14) to base 8.
-2
Convert -1a (base 11) to base 10.
-21
What is -137 (base 12) in base 6?
-511
-1 (base 4) to base 5
-1
Convert -400 (base 7) to base 2.
-11000100
10a (base 12) to base 14
b0
What is 6 (base 8) in base 9?
6
-16 (base 12) to base 3
-200
Convert -15 (base 8) to base 10.
-13
Convert 14 (base 16) to base 7.
26
Convert 212 (base 3) to base 13.
1a
Convert -1 (base 8) to base 2.
-1
Convert 30 (base 14) to base 9.
46
What is 1 (base 12) in base 8?
1
What is 1 (base 13) in base 9?
1
Convert -1e (base 16) to base 10.
-30
What is 1 (base 5) in base 7?
1
What is -3 (base 8) in base 12?
-3
Convert 22 (base 14) to base 10.
30
4 (base 9) to base 16
4
What is 6 (base 11) in base 8?
6
Convert 14 (base 7) to base 16.
b
-170 (base 13) to base 5
-2020
What is 3 (base 12) in base 3?
10
-40 (base 5) to base 12
-18
-1 (base 11) to base 12
-1
-11 (base 6) to base 9
-7
355 (base 8) to base 6
1033
18a (base 11) to base 3
22010
Convert -10102 (base 3) to base 7.
-161
Convert -1023 (base 4) to base 14.
-55
What is -4 (base 13) in base 15?
-4
What is -24 (base 8) in base 6?
-32
90 (base 11) to base 16
63
What is -20 (base 13) in base 16?
-1a
Convert -1100101 (base 2) to base 8.
-145
Convert -10 (base 9) to base 7.
-12
Convert -10 (base 7) to base 3.
-21
Convert -122 (base 3) to base 5.
-32
b (base 12) to base 5
21
3 (base 14) to base 2
11
Convert -ba (base 15) to base 4.
-2233
What is c (base 14) in base 12?
10
Convert -3 (base 4) to base 7.
-3
2013 (base 4) to base 6
343
2410 (base 5) to base 14
1b5
-20 (base 3) to base 2
-110
Convert 103 (base 7) to base 5.
202
What is -4 (base 14) in base 4?
-10
-3 (base 16) to base 10
-3
What is -b (base 12) in base 7?
-14
2 (base 13) to base 4
2
141 (base 5) to base 8
56
83 (base 13) to base 7
212
3 (base 13) to base 15
3
Convert 100001110 (base 2) to base 5.
2040
27 (base 14) to base 10
35
-1020 (base 3) to base 7
-45
What is f (base 16) in base 7?
21
What is 2 (base 16) in base 11?
2
Convert -1 (base 16) to base 6.
-1
Convert 0 (base 8) to base 7.
0
Convert b5 (base 14) to base 4.
2133
1b2 (base 14) to base 9
431
Convert 1b4 (base 12) to base 11.
235
Convert -3 (base 7) to base 3.
-10
Convert -b (base 16) to base 2.
-1011
11 (base 3) to base 16
4
Convert 264 (base 9) to base 8.
334
What is -2 (base 7) in base 5?
-2
2 (base 15) to base 11
2
What is -9 (base 12) in base 2?
-1001
What is -7 (base 10) in base 8?
-7
Convert 4 (base 5) to base 11.
4
-110 (base 4) to base 13
-17
103 (base 4) to base 11
18
Convert 1020 (base 5) to base 7.
252
What is -2 (base 12) in base 14?
-2
0 (base 5) to base 9
0
-6 (base 16) to base 14
-6
What is 1 (base 15) in base 4?
1
What is -2 (base 7) in base 13?
-2
1241 (base 5) to base 11
169
18 (base 16) to base 9
26
Convert 123 (base 5) to base 14.
2a
Convert -79 (base 16) to base 13.
-94
0 (base 11) to base 7
0
What is 17 (base 11) in base 12?
16
Convert -6 (base 14) to base 7.
-6
Convert -193 (base 12) to base 6.
-1103
330 (base 4) to base 12
50
What is 123 (base 4) in base 14?
1d
Convert -13 (base 12) to base 15.
-10
Convert -10111 (base 2) to base 10.
-23
What is 200 (base 3) in base 9?
20
What is 1 (base 16) in base 4?
1
What is -11 (base 2) in base 13?
-3
What is 110111 (base 2) in base 15?
3a
-135 (base 6) to base 13
-47
1 (base 6) to base 13
1
-3 (base 11) to base 4
-3
Convert -1 (base 9) to base 4.
-1
What is 0 (base 6) in base 5?
0
What is -1 (base